{"id":6,"date":"2014-09-09T11:14:00","date_gmt":"2014-09-09T11:14:00","guid":{"rendered":"http:\/\/localhost\/capverde\/?page_id=2"},"modified":"2025-12-10T12:10:09","modified_gmt":"2025-12-10T10:10:09","slug":"beispiel-seite","status":"publish","type":"page","link":"https:\/\/www.capverde.org\/","title":{"rendered":"Home"},"content":{"rendered":"<p><strong>Willkommen beim Honorarkonsulat der Republik Cabo Verde<\/strong><br \/>\n<strong> f\u00fcr Hamburg, Bremen, Schleswig-Holstein und Niedersachsen.<\/strong><\/p>\n<p><span style=\"color: #ff0000;\"><strong>&#8212;&#8212;&#8212;&#8212;&#8212;&#8212;&#8212;&#8212;&#8212;&#8212;&#8212;&#8212;&#8212;&#8212;&#8212;&#8212;&#8212;&#8212;&#8212;&#8212;&#8212;&#8212;&#8212;&#8212;&#8212;&#8212;&#8212;&#8212;&#8212;&#8212;&#8212;&#8212;&#8212;&#8212;&#8212;&#8212;&#8212;&#8212;&#8212;&#8212;&#8212;&#8212;&#8212;&#8212;&#8211;<\/strong><\/span><\/p>\n<p><span style=\"color: #0000ff;\"><strong>Zur freundlichen Kenntnisnahme: <\/strong><\/span><br \/>\n<span style=\"color: #0000ff;\"><strong>Das Konsulat Hamburg schlie\u00dft zum <span style=\"color: #ff0000;\">31.12.2025.<\/span><\/strong><\/span><br \/>\n<span style=\"color: #0000ff;\"><strong>Anfragen richten Sie bitte k\u00fcnftig an:<\/strong><\/span><br \/>\n<span style=\"color: #0000ff;\"><strong>Botschaft der Republik Kap Verde<\/strong><\/span><br \/>\n<span style=\"color: #0000ff;\"><strong>Stavanger Str. 16 \u2022 <\/strong><\/span><br \/>\n<span style=\"color: #0000ff;\"><strong>10439 Berlin<\/strong><\/span><br \/>\n<span style=\"color: #0000ff;\"><strong>030 20450955<\/strong><\/span><\/p>\n<p><strong><span style=\"color: #008000;\">Aten\u00e7\u00e3o: <\/span><br \/>\n<span style=\"color: #008000;\">O Consulado de Hamburgo encerrar\u00e1 as suas atividades <\/span><br \/>\n<span style=\"color: #008000;\">no dia <span style=\"color: #ff0000;\">31 de dezembro de 2025.<\/span><\/span><br \/>\n<span style=\"color: #008000;\">Para quaisquer d\u00favidas futuras, por favor contacte a <\/span><br \/>\n<span style=\"color: #008000;\">Embaixada da Rep\u00fablica de Cabo Verde<\/span><br \/>\n<span style=\"color: #008000;\">Stavanger Str. 16 \u2022 <\/span><br \/>\n<span style=\"color: #008000;\">10439 Berlin<\/span><br \/>\n<span style=\"color: #008000;\">030 20450955<\/span><br \/>\n<\/strong><\/p>\n<p><span style=\"color: #ff0000;\"><strong>Please note: <\/strong><\/span><br \/>\n<span style=\"color: #ff0000;\"><strong>The Hamburg Consulate will close on <span style=\"color: #008000;\">December 31, 2025.<\/span><\/strong><\/span><br \/>\n<span style=\"color: #ff0000;\"><strong>Please direct all future inquiries to:<\/strong><\/span><br \/>\n<span style=\"color: #ff0000;\"><strong>Embassy of the Republic of Cape Verde<\/strong><\/span><br \/>\n<span style=\"color: #ff0000;\"><strong>Stavanger Str. 16 \u2022 <\/strong><\/span><br \/>\n<span style=\"color: #ff0000;\"><strong>10439 Berlin<\/strong><\/span><br \/>\n<span style=\"color: #ff0000;\"><strong>030 20450955<\/strong><\/span><\/p>\n<p><span style=\"color: #ff0000;\"><strong>&#8212;&#8212;&#8212;&#8212;&#8212;&#8212;&#8212;&#8212;&#8212;&#8212;&#8212;&#8212;&#8212;&#8212;&#8212;&#8212;&#8212;&#8212;&#8212;&#8212;&#8212;&#8212;&#8212;&#8212;&#8212;&#8212;&#8212;&#8212;&#8212;&#8212;&#8212;&#8212;&#8212;&#8212;&#8212;&#8212;&#8212;&#8212;&#8212;&#8212;&#8212;&#8212;&#8212;&#8212;&#8211;<\/strong><\/span><\/p>\n<p><strong><span style=\"color: #0000ff;\">Reisehinweise Cabo Verde<\/span><\/strong><br \/>\n<span style=\"color: #0000ff;\"><b>Stand 01. 12. <\/b><\/span><span style=\"color: #0000ff;\"><b>2022<\/b><\/span><\/p>\n<p><strong><span style=\"color: #0000ff;\">Sollten Sie eine Reise nach Cabo Verde planen, sind folgende Hinweise zur Einreise zu\u00a0 beachten:\u00a0 Seit dem 15. September 2022 sind alle Auflagen der Corona Einreisebestimmungen aufgehoben. Unabh\u00e4ngig davon sind die Bef\u00f6rderungsbestimmungen der jeweiligen Fluggesellschaften zu beachten.\u00a0 Alle aktuellen \u00c4nderungen finden Sie au\u00dferdem auf unserer Webseite unter REISEHINWEISE<\/span>\u00a0<a href=\"https:\/\/travel.gov.cv\/\">https:\/\/travel.gov.cv\u00a0<\/a><\/strong><\/p>\n<p><span style=\"color: #008000;\"><strong>Conselhos de viagem Cabo Verde<\/strong><\/span><br \/>\nSituacao 01.12.2022<\/p>\n<p><strong><span style=\"color: #008000;\">Se estiver a planear uma viagem a Cabo Verde, por favor tome nota das seguintes informa\u00e7\u00f5es \u00e0 entrada:\u00a0 desde\u00a0 1. 12. 2022 , todos os requisitos da corona foram.\u00a0 Independentemente disto, os regulamentos de transporte das respectivas companhias a\u00e9reas devem ser observados.\u00a0 Todas as altera\u00e7\u00f5es actuais podem tamb\u00e9m ser encontradas no nosso website em TRAVEL INFORMATION.<\/span><span style=\"color: #008000;\">\u00a0<\/span><a href=\"https:\/\/travel.gov.cv\/\">https:\/\/travel.gov.cv<\/a><\/strong><\/p>\n<p>Die Regierung der Republik Cabo Verde befreit ab dem<strong> 1. Januar 2019<\/strong> Staatsb\u00fcrger\u00a0der\u00a0L\u00e4nder Andorra, Belgien, Bulgarien, D\u00e4nemark, Deutschland, Estland, Finnland, Frankreich, Griechenland, Irland, Island, Italien, Kroatien, Lettland, Liechtenstein, Litauen, Luxemburg, Malta, Niederlande, Norwegen, \u00d6sterreich, Polen, Portugal, Rum\u00e4nien, San Marino,\u00a0 Schweden, Slowakei, Slowenien, Spanien, Schweiz, Tschechische Republik, Ungarn, Vatikan, Vereinigtes K\u00f6nigreich von Gro\u00dfbritannien, Nordirland und Zypern f\u00fcr touristische Aufenthalte bis 30 Tage von der Visumspflicht.<\/p>\n<p>F\u00fcr Staatsangeh\u00f6rige aus ECOWAS (CEDEAO)- Mitgliedsl\u00e4ndern: Guinea-Bissau, Senegal, Gambia, C\u00f4te d&#8217;Ivoire, Guinea-Bissau , Sierra Leone, Liberia, Ghana, Burkina Faso, Niger, Nigeria, Mali, Benin, Togo sowie S\u00fcdafrika besteht ebenfalls keine Visumpflicht.<\/p>\n<p><strong>Jeder Einreisende ben\u00f6tigt einen g\u00fcltigen Reisepass, der bei Ausreise noch mindestens 6 (sechs) Monate g\u00fcltig ist. Eine Einreise mit Personalausweis oder vorl\u00e4ufigem Personalausweis ist nicht m\u00f6glich.<\/strong><\/p>\n<p><strong>Alle Reisenden <em>mit<\/em> und<em> ohne<\/em> Visumspflicht sind verpflichtet, sich auf der Internetplattform <a href=\"http:\/\/www.ease.gov.cv\/\"><span style=\"color: #3366ff;\">www.ease.gov.cv<\/span><\/a> bis zu 5 (f\u00fcnf) Tage vor Reiseantritt zu registrieren, unter Angabe von Informationen aus dem Reisepass, Reisezeitraum (Ein- und Ausreisedatum), Flugnummer und Ort der Unterkunft. Bei der Registrierung auf <a href=\"http:\/\/www.ease.gov.cv\/\"><span style=\"color: #3366ff;\">www.ease.gov.cv<\/span><\/a> ist zudem die Flughafensicherheitsgeb\u00fchr zu zahlen. Erkundigen Sie sich gegebenenfalls bei Ihrem Reiseveranstalter, ob dieser die Registrierung unter <a href=\"http:\/\/www.ease.gov.cv\/\"><span style=\"color: #3366ff;\">www.ease.gov.cv<\/span><\/a>\u00a0f\u00fcr Sie vornimmt.\u00a0<\/strong><\/p>\n<p><strong>Kinder bis zu 3 Jahren sind von diesen Geb\u00fchren befreit.<\/strong><\/p>\n<ul>\n<li>f\u00fcr Inlandsfl\u00fcge betr\u00e4gt die Geb\u00fchr\u00a0150 Escudos (ca. \u20ac1,36)\u00a0 pro Fluggast.<\/li>\n<\/ul>\n<ul>\n<li>F\u00fcr internationale Fl\u00fcge betr\u00e4gt die Geb\u00fchr 3.400 Escudos (ca. \u20ac30,71) pro Fluggast.<\/li>\n<\/ul>\n<p>Bei uns k\u00f6nnen Sie Visa zur Einreise f\u00fcr einen Aufenthalt von mehr als 30 bis max. 90 Tagen nach Cabo Verde beantragen, Mehrfach-Visa\u00a0 und\/oder Unterschriftenbeglaubigungen f\u00fcr Dokumente und Urkunden vornehmen lassen. Den Visumsantrag sowie weitere Informationen finden Sie <a title=\"Ihr Visum\" href=\"http:\/\/www.capverde.org\/?page_id=7\">hier<\/a>.<\/p>\n<p>Ihr H.-H. Hey<br \/>\nHonorarkonsul<\/p>\n<p>&nbsp;<\/p>\n<p><strong>Adresse<\/strong><br \/>\nDeichstrasse\u00a0\u00a017 \/ 5.Stock<br \/>\n20459 Hamburg<br \/>\nTelefon\u00a0040-378578-33<br \/>\nTelefax 040-378578-41<br \/>\nEmail info@capverde.org<\/p>\n<h4><strong>\u00d6ffnungszeiten<br \/>\n<\/strong><\/h4>\n<p>Montag 11:00 bis 13:00 Uhr\u00a0 nur nach tel. Terminabsprache<br \/>\nMittwoch 14:00 bis 17:00 Uhr nur nach tel. Terminabsprache<br \/>\nFreitag 11:00 bis 13:00 Uhr nur nach tel. Terminabsprache<\/p>\n<p>Individuelle Termine nach telefonischer Vereinbarung<\/p>\n<p><strong>Anfahrt mit \u00f6ffentlichen Verkehrsmitteln<br \/>\n<\/strong>U3 Haltestelle R\u00f6dingsmarkt<\/p>\n<p><strong>Anfahrt, Parkm\u00f6glichkeiten<br \/>\n<\/strong>Kartenansicht \/ Navigation: <a href=\"https:\/\/goo.gl\/maps\/5Hw6WNFqRYD2\" target=\"_blank\" rel=\"noopener noreferrer\">Google maps<\/a><br \/>\nParkhaus: R\u00f6dingsmarkt<\/p>\n<p><strong>Barrierefreiheit<br \/>\n<\/strong>Das Konsulat ist barrierefrei erreichbar.<\/p>\n","protected":false},"excerpt":{"rendered":"<p>Willkommen beim Honorarkonsulat der Republik Cabo Verde f\u00fcr Hamburg, Bremen, Schleswig-Holstein und Niedersachsen. &#8212;&#8212;&#8212;&#8212;&#8212;&#8212;&#8212;&#8212;&#8212;&#8212;&#8212;&#8212;&#8212;&#8212;&#8212;&#8212;&#8212;&#8212;&#8212;&#8212;&#8212;&#8212;&#8212;&#8212;&#8212;&#8212;&#8212;&#8212;&#8212;&#8212;&#8212;&#8212;&#8212;&#8212;&#8212;&#8212;&#8212;&#8212;&#8212;&#8212;&#8212;&#8212;&#8212;&#8212;&#8211; Zur freundlichen Kenntnisnahme: Das Konsulat Hamburg schlie\u00dft zum 31.12.2025. Anfragen richten Sie bitte k\u00fcnftig an: Botschaft der Republik Kap Verde Stavanger Str. 16 \u2022 10439 Berlin 030 20450955 Aten\u00e7\u00e3o: O Consulado de Hamburgo encerrar\u00e1 as suas atividades no dia 31 de [&hellip;]<\/p>\n","protected":false},"author":2,"featured_media":0,"parent":0,"menu_order":0,"comment_status":"closed","ping_status":"open","template":"","meta":{"footnotes":""},"class_list":["post-6","page","type-page","status-publish","hentry"],"_links":{"self":[{"href":"https:\/\/www.capverde.org\/index.php?rest_route=\/wp\/v2\/pages\/6"}],"collection":[{"href":"https:\/\/www.capverde.org\/index.php?rest_route=\/wp\/v2\/pages"}],"about":[{"href":"https:\/\/www.capverde.org\/index.php?rest_route=\/wp\/v2\/types\/page"}],"author":[{"embeddable":true,"href":"https:\/\/www.capverde.org\/index.php?rest_route=\/wp\/v2\/users\/2"}],"replies":[{"embeddable":true,"href":"https:\/\/www.capverde.org\/index.php?rest_route=%2Fwp%2Fv2%2Fcomments&post=6"}],"version-history":[{"count":89,"href":"https:\/\/www.capverde.org\/index.php?rest_route=\/wp\/v2\/pages\/6\/revisions"}],"predecessor-version":[{"id":290,"href":"https:\/\/www.capverde.org\/index.php?rest_route=\/wp\/v2\/pages\/6\/revisions\/290"}],"wp:attachment":[{"href":"https:\/\/www.capverde.org\/index.php?rest_route=%2Fwp%2Fv2%2Fmedia&parent=6"}],"curies":[{"name":"wp","href":"https:\/\/api.w.org\/{rel}","templated":true}]}}