{"id":7,"date":"2014-09-09T13:38:11","date_gmt":"2014-09-09T11:38:11","guid":{"rendered":"http:\/\/localhost\/capverde\/?page_id=7"},"modified":"2019-07-17T14:55:22","modified_gmt":"2019-07-17T12:55:22","slug":"ihr-visum","status":"publish","type":"page","link":"https:\/\/www.capverde.org\/?page_id=7","title":{"rendered":"Ihr Visum"},"content":{"rendered":"<p>Sehr geehrte Reisende in die Republik Cabo Verde,<\/p>\n<p align=\"LEFT\">um eine z\u00fcgige Bearbeitung und Erteilung der Visa zu gew\u00e4hrleisten, bitten wir um Beachtung folgender Punkte:<\/p>\n<p>Bitte bringen Sie Ihren <a href=\"http:\/\/www.capverde.org\/?page_id=31\">Visumantrag<\/a>\u00a0sp\u00e4testens 2 Tage vor Reiseantritt zum\u00a0 Honorarkonsulat in Hamburg.<\/p>\n<p><strong>Folgende Unterlagen und Dokumente werden ben\u00f6tigt:<\/strong><\/p>\n<ul>\n<li>Reisepass (der Pass muss bei Ausreise aus Cabo Verde noch mindestens 6 Monate g\u00fcltig sein)<\/li>\n<li>aktuelles biometrisches Passbild<\/li>\n<li>Kopie der Reisebest\u00e4tigung oder des Flugtickets<\/li>\n<li><strong>Nachweis \u00fcber Zahlung der Geb\u00fchren auf das Konto des Konsulats Hamburg.<\/strong><\/li>\n<li><strong>es werden keine Kreditkarten, Bankkarten, oder andere Zahlungsarten akzeptiert<\/strong>.<\/li>\n<\/ul>\n<p><strong>Geb\u00fchren<\/strong><br \/>\nIndividuelles und <strong>einfaches Visum<\/strong>\u00a0 (Transit-Tourist 90 Tage) \u00a0 \u00a0<strong> \u20ac 45,<\/strong>&#8211;<\/p>\n<p>Individuelles und <strong>einfaches Mehrfach-Visum<\/strong> \u00a0 \u00a0 \u00a0<strong> \u20ac 87,-<br \/>\n<\/strong>(mehrfache Einreise f\u00fcr jeweils 90 Tage, 24 Monate g\u00fcltig)<\/p>\n<p><strong>Einfaches Familien-Visum<\/strong>\u00a0 nur f\u00fcr Eltern mit minderj\u00e4hrigen Kindern\u00a0 \u00a0 (verheiratet, Kinder bis 18 Jahre) \u00a0 \u00a0<strong> \u20ac 57,-<\/strong><\/p>\n<p><strong>Einfaches Familien-Visum<\/strong>\u00a0 nur f\u00fcr Eltern mit minderj\u00e4hrigen Kindern\u00a0 \u00a0 (nicht verheiratet \/ keine Namensgleichheit, Kinder bis 18 Jahre)<br \/>\n<strong>1.\u00a0Elternteil und Kinder \u20ac 57,-<br \/>\n2. Elternteil \/ Partner\u00a0 \u00a0 \u00a0\u20ac 45,-<\/strong><\/p>\n<p><strong>Mehrfaches Familien-Visum<\/strong>\u00a0 (mehrfache Einreise f\u00fcr jeweils 90 Tage, 24 Monate g\u00fcltig) nur f\u00fcr Eltern mit minderj\u00e4hrigen Kindern\u00a0\u00a0\u00a0(verheiratet,\u00a0 Kinder bis 18 Jahre) \u00a0 \u00a0<strong>\u00a0\u20ac 110,-<\/strong><\/p>\n<p><strong>Mehrfaches Familien-Visum<\/strong>\u00a0 (mehrfache Einreise f\u00fcr jeweils 90 Tage, 24 Monate g\u00fcltig) nur f\u00fcr Eltern mit minderj\u00e4hrigen Kindern\u00a0\u00a0\u00a0(nicht verheiratet, Kinder bis 18 Jahre)<br \/>\n<strong>1.\u00a0Elternteil und Kinder \u20ac 110,-<br \/>\n2. Elternteil \/ Partner\u00a0 \u00a0 \u00a0\u20ac 87,-<\/strong><\/p>\n<p><strong>Gruppen-Visum<\/strong> pro Person \u00a0 <strong>\u20ac 34,-<br \/>\n<\/strong>(ab \u00a05 Personen)\u00a0 g\u00fcltig\u00a0 nur bei gemeinsamer Ein- und Ausreise.<\/p>\n<p><strong>Grunds\u00e4tzlich muss die Einreise innerhalb von 6 Monaten (180 Tage) nach Ausstellung des Visums erfolgen.<\/strong><\/p>\n<p>Der Aufenthalt in Cabo Verde ist f\u00fcr maximal 90 Tage ab Einreise m\u00f6glich.<\/p>\n<p>F\u00fcr Kreuzfahrtpassagiere (Einreise \u00fcber See) besteht f\u00fcr den t\u00e4glichen Landgang keine Visumspflicht.<\/p>\n<p><strong>Visumspflicht \u00a0 \u00a0 \u00a0 \u00a0 \u00a0 \u00a0 <\/strong><\/p>\n<p><strong>F\u00fcr Aufenthalte \u00fcber 30 Tage besteht f\u00fcr alle Ausl\u00e4nder Visumspflicht.\u00a0 Wir weisen darauf hin, dass Fluggesellschaften keine Bef\u00f6rderungspflicht f\u00fcr Passagiere ohne g\u00fcltiges Visum <b>haben<\/b>. <\/strong><strong>\u00a0 \u00a0 \u00a0<\/strong><strong>\u00a0\u00a0<\/strong><\/p>\n<p>&nbsp;<\/p>\n<p><strong>Bankverbindung<\/strong><br \/>\nHonorarkonsulat der Republik Cabo Verde<br \/>\nCommerzbank Hamburg<br \/>\nIBAN\u00a0 DE41 2004 0000 0290 2211 00<br \/>\nBIC COBADEFFXXX<\/p>\n<p>&nbsp;<\/p>\n<p>Sie k\u00f6nnen Ihren Visumantrag alternativ zusammen mit den o. g. Unterlagen per <strong>Einwurf &#8211; Einschreiben<\/strong> an das Konsulat senden. In diesem Fall ist ein frankierter R\u00fcckumschlag f\u00fcr das Antwort &#8211; Einschreiben beizulegen. Das Porto betr\u00e4gt derzeit\u00a0\u00a0<strong>\u20ac 3,75.<\/strong><strong><br \/>\nBitte nur mit Briefmarken freimachen.<\/strong><\/p>\n<p>Vielen Dank f\u00fcr die Beachtung vorstehender Hinweise. Wir w\u00fcnschen Ihnen einen erlebnisreichen Aufenthalt auf den Inseln der Republik Cabo Verde.<\/p>\n<p>Honorarkonsulat Hamburg<\/p>\n","protected":false},"excerpt":{"rendered":"<p>Sehr geehrte Reisende in die Republik Cabo Verde, um eine z\u00fcgige Bearbeitung und Erteilung der Visa zu gew\u00e4hrleisten, bitten wir um Beachtung folgender Punkte: Bitte bringen Sie Ihren Visumantrag\u00a0sp\u00e4testens 2 Tage vor Reiseantritt zum\u00a0 Honorarkonsulat in Hamburg. Folgende Unterlagen und Dokumente werden ben\u00f6tigt: Reisepass (der Pass muss bei Ausreise aus Cabo Verde noch mindestens 6 [&hellip;]<\/p>\n","protected":false},"author":2,"featured_media":0,"parent":0,"menu_order":0,"comment_status":"closed","ping_status":"open","template":"","meta":{"footnotes":""},"class_list":["post-7","page","type-page","status-publish","hentry"],"_links":{"self":[{"href":"https:\/\/www.capverde.org\/index.php?rest_route=\/wp\/v2\/pages\/7"}],"collection":[{"href":"https:\/\/www.capverde.org\/index.php?rest_route=\/wp\/v2\/pages"}],"about":[{"href":"https:\/\/www.capverde.org\/index.php?rest_route=\/wp\/v2\/types\/page"}],"author":[{"embeddable":true,"href":"https:\/\/www.capverde.org\/index.php?rest_route=\/wp\/v2\/users\/2"}],"replies":[{"embeddable":true,"href":"https:\/\/www.capverde.org\/index.php?rest_route=%2Fwp%2Fv2%2Fcomments&post=7"}],"version-history":[{"count":21,"href":"https:\/\/www.capverde.org\/index.php?rest_route=\/wp\/v2\/pages\/7\/revisions"}],"predecessor-version":[{"id":172,"href":"https:\/\/www.capverde.org\/index.php?rest_route=\/wp\/v2\/pages\/7\/revisions\/172"}],"wp:attachment":[{"href":"https:\/\/www.capverde.org\/index.php?rest_route=%2Fwp%2Fv2%2Fmedia&parent=7"}],"curies":[{"name":"wp","href":"https:\/\/api.w.org\/{rel}","templated":true}]}}